{"id":96,"date":"2023-12-19T05:59:13","date_gmt":"2023-12-19T04:59:13","guid":{"rendered":"https:\/\/ptpue.tareaseditoriales.com\/?page_id=96"},"modified":"2025-12-01T18:51:47","modified_gmt":"2025-12-02T00:51:47","slug":"inicio","status":"publish","type":"page","link":"https:\/\/ptpue.tareaseditoriales.com\/index.php\/inicio\/","title":{"rendered":"2023"},"content":{"rendered":"\n<p class=\"has-text-align-center has-text-color has-link-color wp-elements-0cb1fd28cfa1df2682ef2877b2a3bce5\" style=\"color:#8a8181;font-size:clamp(0.875rem, 0.875rem + ((1vw - 0.2rem) * 0.542), 1.2rem);\"><br>Cumpliendo con la Ley General de Partidos Pol\u00edticos, la cual fundamenta que cada partido deber\u00e1 realizar publicaciones de manera obligatoria, realizando tanto boletines de divulgaci\u00f3n, como boletines te\u00f3ricos, el Partido del Trabajo del Estado de Puebla ha producido contenidos dirigidos a la sociedad en general, para abonar en la construcci\u00f3n de la cultura democr\u00e1tica en M\u00e9xico, ante una realidad social y pol\u00edtica. Por lo que este a\u00f1o 2023, podr\u00e1s encontrarlos en los siguientes enlaces:<\/p>\n\n\n\n<p><\/p>\n\n\n\n<p><\/p>\n\n\n\n<p><\/p>\n\n\n\n<p><\/p>\n\n\n\n<div class=\"wp-block-group is-layout-flow wp-block-group-is-layout-flow\" style=\"padding-top:30px;padding-right:30px;padding-bottom:30px;padding-left:30px\"><\/div>\n\n\n\n<p><\/p>\n\n\n\n<p><\/p>\n\n\n\n<div class=\"wp-block-media-text has-media-on-the-right is-stacked-on-mobile is-vertically-aligned-center\"><div class=\"wp-block-media-text__content\">\n<p><a href=\"https:\/\/ptpue.tareaseditoriales.com\/index.php\/primer-trimestre\/\">Boletines de divulgaci\u00f3n del PRIMER TRIMESTRE<\/a><\/p>\n<\/div><figure class=\"wp-block-media-text__media\"><img loading=\"lazy\" decoding=\"async\" width=\"481\" height=\"695\" src=\"https:\/\/ptpue.tareaseditoriales.com\/wp-content\/uploads\/2023\/12\/vm1.png\" alt=\"\" class=\"wp-image-87 size-full\" srcset=\"https:\/\/ptpue.tareaseditoriales.com\/wp-content\/uploads\/2023\/12\/vm1.png 481w, https:\/\/ptpue.tareaseditoriales.com\/wp-content\/uploads\/2023\/12\/vm1-208x300.png 208w\" sizes=\"auto, (max-width: 481px) 100vw, 481px\" \/><\/figure><\/div>\n\n\n\n<div class=\"wp-block-media-text is-stacked-on-mobile\"><figure class=\"wp-block-media-text__media\"><img loading=\"lazy\" decoding=\"async\" width=\"679\" height=\"665\" src=\"https:\/\/ptpue.tareaseditoriales.com\/wp-content\/uploads\/2023\/12\/rs1-e1702959344465.png\" alt=\"\" class=\"wp-image-29 size-full\" srcset=\"https:\/\/ptpue.tareaseditoriales.com\/wp-content\/uploads\/2023\/12\/rs1-e1702959344465.png 679w, https:\/\/ptpue.tareaseditoriales.com\/wp-content\/uploads\/2023\/12\/rs1-e1702959344465-300x294.png 300w\" sizes=\"auto, (max-width: 679px) 100vw, 679px\" \/><\/figure><div class=\"wp-block-media-text__content\">\n<p><a href=\"https:\/\/ptpue.tareaseditoriales.com\/index.php\/segundo-trimestre\/\">Boletines de divulgaci\u00f3n del SEGUNDO TRIMESTRE<\/a><\/p>\n<\/div><\/div>\n\n\n\n<div class=\"wp-block-media-text has-media-on-the-right is-stacked-on-mobile\"><div class=\"wp-block-media-text__content\">\n<p><a href=\"https:\/\/ptpue.tareaseditoriales.com\/index.php\/tercer-trimestre\/\">Boletines de divulgaci\u00f3n del TERCER TRIMESTRE<\/a><\/p>\n<\/div><figure class=\"wp-block-media-text__media\"><img loading=\"lazy\" decoding=\"async\" width=\"970\" height=\"551\" src=\"https:\/\/ptpue.tareaseditoriales.com\/wp-content\/uploads\/2023\/12\/ap1-e1702936972124.png\" alt=\"\" class=\"wp-image-34 size-full\" srcset=\"https:\/\/ptpue.tareaseditoriales.com\/wp-content\/uploads\/2023\/12\/ap1-e1702936972124.png 970w, https:\/\/ptpue.tareaseditoriales.com\/wp-content\/uploads\/2023\/12\/ap1-e1702936972124-300x170.png 300w, https:\/\/ptpue.tareaseditoriales.com\/wp-content\/uploads\/2023\/12\/ap1-e1702936972124-768x436.png 768w\" sizes=\"auto, (max-width: 970px) 100vw, 970px\" \/><\/figure><\/div>\n\n\n\n<div class=\"wp-block-media-text is-stacked-on-mobile\"><figure class=\"wp-block-media-text__media\"><img loading=\"lazy\" decoding=\"async\" width=\"828\" height=\"638\" src=\"https:\/\/ptpue.tareaseditoriales.com\/wp-content\/uploads\/2023\/12\/mi2-1.png\" alt=\"\" class=\"wp-image-264 size-full\" srcset=\"https:\/\/ptpue.tareaseditoriales.com\/wp-content\/uploads\/2023\/12\/mi2-1.png 828w, https:\/\/ptpue.tareaseditoriales.com\/wp-content\/uploads\/2023\/12\/mi2-1-300x231.png 300w, https:\/\/ptpue.tareaseditoriales.com\/wp-content\/uploads\/2023\/12\/mi2-1-768x592.png 768w\" sizes=\"auto, (max-width: 828px) 100vw, 828px\" \/><\/figure><div class=\"wp-block-media-text__content\">\n<p><a href=\"https:\/\/ptpue.tareaseditoriales.com\/index.php\/cuarto-trimestre\/\">Boletines de divulgaci\u00f3n CUARTO TRIMESTRE<\/a><\/p>\n<\/div><\/div>\n\n\n\n<div class=\"wp-block-media-text has-media-on-the-right is-stacked-on-mobile\"><div class=\"wp-block-media-text__content\">\n<p><a href=\"https:\/\/ptpue.tareaseditoriales.com\/index.php\/primer-semestre\/\">Boletines Te\u00f3ricos del PRIMER SEMESTRE<\/a><\/p>\n<\/div><figure class=\"wp-block-media-text__media\"><img loading=\"lazy\" decoding=\"async\" width=\"1024\" height=\"678\" src=\"https:\/\/ptpue.tareaseditoriales.com\/wp-content\/uploads\/2023\/12\/a701-1024x678.png\" alt=\"\" class=\"wp-image-125 size-full\" srcset=\"https:\/\/ptpue.tareaseditoriales.com\/wp-content\/uploads\/2023\/12\/a701-1024x678.png 1024w, https:\/\/ptpue.tareaseditoriales.com\/wp-content\/uploads\/2023\/12\/a701-300x199.png 300w, https:\/\/ptpue.tareaseditoriales.com\/wp-content\/uploads\/2023\/12\/a701-768x509.png 768w, https:\/\/ptpue.tareaseditoriales.com\/wp-content\/uploads\/2023\/12\/a701-1536x1017.png 1536w, https:\/\/ptpue.tareaseditoriales.com\/wp-content\/uploads\/2023\/12\/a701.png 1548w\" sizes=\"auto, (max-width: 1024px) 100vw, 1024px\" \/><\/figure><\/div>\n\n\n\n<div class=\"wp-block-media-text is-stacked-on-mobile\"><figure class=\"wp-block-media-text__media\"><img loading=\"lazy\" decoding=\"async\" width=\"1024\" height=\"605\" src=\"https:\/\/ptpue.tareaseditoriales.com\/wp-content\/uploads\/2023\/12\/Captura-de-pantalla-2023-12-19-a-las-10.59.46\u202fp.m-1024x605.png\" alt=\"\" class=\"wp-image-142 size-full\" srcset=\"https:\/\/ptpue.tareaseditoriales.com\/wp-content\/uploads\/2023\/12\/Captura-de-pantalla-2023-12-19-a-las-10.59.46\u202fp.m-1024x605.png 1024w, https:\/\/ptpue.tareaseditoriales.com\/wp-content\/uploads\/2023\/12\/Captura-de-pantalla-2023-12-19-a-las-10.59.46\u202fp.m-300x177.png 300w, https:\/\/ptpue.tareaseditoriales.com\/wp-content\/uploads\/2023\/12\/Captura-de-pantalla-2023-12-19-a-las-10.59.46\u202fp.m-768x454.png 768w, https:\/\/ptpue.tareaseditoriales.com\/wp-content\/uploads\/2023\/12\/Captura-de-pantalla-2023-12-19-a-las-10.59.46\u202fp.m-1536x908.png 1536w, https:\/\/ptpue.tareaseditoriales.com\/wp-content\/uploads\/2023\/12\/Captura-de-pantalla-2023-12-19-a-las-10.59.46\u202fp.m.png 1804w\" sizes=\"auto, (max-width: 1024px) 100vw, 1024px\" \/><\/figure><div class=\"wp-block-media-text__content\">\n<p><a href=\"https:\/\/ptpue.tareaseditoriales.com\/index.php\/segundo-semestre\/\">Boletines te\u00f3ricos del SEGUNDO SEMESTRE<\/a><\/p>\n<\/div><\/div>\n","protected":false},"excerpt":{"rendered":"<p>Cumpliendo con la Ley General de Partidos Pol\u00edticos, la cual fundamenta que cada partido deber\u00e1 realizar publicaciones de manera obligatoria, realizando tanto boletines de divulgaci\u00f3n, como boletines te\u00f3ricos, el Partido del Trabajo del Estado de Puebla ha producido contenidos dirigidos a la sociedad en general, para abonar en la construcci\u00f3n de la cultura democr\u00e1tica en [&hellip;]<\/p>\n","protected":false},"author":1,"featured_media":0,"parent":0,"menu_order":0,"comment_status":"closed","ping_status":"closed","template":"page-no-title","meta":{"footnotes":""},"class_list":["post-96","page","type-page","status-publish","hentry"],"_links":{"self":[{"href":"https:\/\/ptpue.tareaseditoriales.com\/index.php\/wp-json\/wp\/v2\/pages\/96","targetHints":{"allow":["GET"]}}],"collection":[{"href":"https:\/\/ptpue.tareaseditoriales.com\/index.php\/wp-json\/wp\/v2\/pages"}],"about":[{"href":"https:\/\/ptpue.tareaseditoriales.com\/index.php\/wp-json\/wp\/v2\/types\/page"}],"author":[{"embeddable":true,"href":"https:\/\/ptpue.tareaseditoriales.com\/index.php\/wp-json\/wp\/v2\/users\/1"}],"replies":[{"embeddable":true,"href":"https:\/\/ptpue.tareaseditoriales.com\/index.php\/wp-json\/wp\/v2\/comments?post=96"}],"version-history":[{"count":27,"href":"https:\/\/ptpue.tareaseditoriales.com\/index.php\/wp-json\/wp\/v2\/pages\/96\/revisions"}],"predecessor-version":[{"id":596,"href":"https:\/\/ptpue.tareaseditoriales.com\/index.php\/wp-json\/wp\/v2\/pages\/96\/revisions\/596"}],"wp:attachment":[{"href":"https:\/\/ptpue.tareaseditoriales.com\/index.php\/wp-json\/wp\/v2\/media?parent=96"}],"curies":[{"name":"wp","href":"https:\/\/api.w.org\/{rel}","templated":true}]}}